 Suppose -w - 2 + 30 = 5*c, -5*w - f = 0. Let h(x) = -x + 7. Give h(c).
1
Let s(g) = -g**3 - 5*g + 6*g**2 + 2*g - 8*g + 2 + 4*g. Determine s(6).
-40
Let n(f) be the second derivative of f**7/2520 - f**6/180 + 2*f**4/3 + f. Let a(r) be the third derivative of n(r). Give a(4).
0
Let m(c) = 10*c - 2. Let b(n) = -n**2 - n + 1. Suppose -4 = -7*p - 11. Let v(f) = p*m(f) - b(f). Suppose 0 = -2*y + y + 6. Calculate v(y).
-17
Let d(g) = -2*g + 6 - 2*g + 4*g**2 + g**3 - 2. Let c be 1066/(-6) + (-1 - 20/(-12)). Let a = c + 172. Give d(a).
-1
Let x = -1094 - -1093. Let h(g) = 17*g**3 + 2*g**2 + 2*g + 1. Calculate h(x).
-16
Let g(z) be the first derivative of z**4/12 - z**3 - 2*z**2 + z - 4. Let c(d) be the first derivative of g(d). Let j = -23 - -29. Calculate c(j).
-4
Let x(k) = 4*k - 1. Let g be x(1). Let y(z) = -z - 9 + 4 + 9. Let p(d) = -d + 4. Let b(j) = 4*p(j) - 5*y(j). Calculate b(g).
-1
Let t(s) = -s**2 - 8*s + 10. Suppose -5*i + 93*j - 97*j = 63, -2*i - j - 24 = 0. Determine t(i).
-23
Suppose -2*r + 70 = 2*q, -6*r + 124 = -2*r - 4*q. Let j(x) = -13 - 2*x - 13 + r. Determine j(7).
-7
Let n(t) = 124*t + t**2 - 1 - 2 - 2*t**2 + t**3 - 129*t + 0*t**3. Calculate n(4).
25
Let f(i) = -i**2 - 6*i. Suppose -2*l = 2*l + z - 11, 3*l + 3*z = 6. Let w be -4 + l - (-5 - 1). Suppose 4*t + 2 = -2*d, 0*t - 10 = 4*d + w*t. What is f(d)?
5
Suppose -a = 2*a. Let b(v) = v**3 + 4*v**2 + 4. Let u be b(-2). Let l(q) = 13 - q**3 - u*q**2 - 7 + 13*q**2. Determine l(a).
6
Suppose 2 - 10 = -2*a. Let w(x) = -4 - x**2 + a*x - x + x. Suppose 0*q - 38*q = -190. Give w(q).
-9
Let j(n) = 2*n**2 + n. Let m(i) = -i**3 + 5*i**2 - 14*i + 2. Let h(b) = 3*j(b) + m(b). Give h(10).
-8
Let v(w) = -56*w - 3. Let p(r) = 120*r + 5. Let q(f) = -6*p(f) - 13*v(f). Determine q(-2).
-7
Let f(t) = 10*t**3 + 10*t - 5*t**2 + 10*t + 2 - 3*t**3 - 21*t - 8*t**3. Give f(-5).
7
Let t(i) = -i**3 - 7*i**2 - 5*i + 1. Let s be 0 + ((-352)/55 - 2/(-5)). Calculate t(s).
-5
Let s(x) = -x**3 - 6*x**2 - 2*x + 5. Suppose -38*n - 420 = 46*n. What is s(n)?
-10
Let u(g) = 7*g + 6. Let h = -1759 + 1765. What is u(h)?
48
Let x(f) = -f - 31. Let m be x(-36). Let q(w) = -8*w + 2. Calculate q(m).
-38
Let x(u) = -u**2 + 2*u + 2. Let j(v) = 2*v**3 + 19*v**2 - 9*v + 14. Suppose -5*b = 2*w + 3*w + 50, -3*b + 50 = -5*w. Let l be j(w). What is x(l)?
-6
Suppose -4*k - 2*a - 3*a = 80, 5*k + 100 = 4*a. Let f be (-14)/((-5)/(k/8)). Let j(t) = -t**3 + t - 5*t + 5*t - 7*t**2. Give j(f).
-7
Let p(q) = -3*q + 23. Let s(b) = b - 7. Let t(h) = -2*p(h) - 7*s(h). Suppose 0*l + l = 9. Determine t(l).
-6
Let j = 5 - 4. Let x be -36 + (4 - j) + -3. Let p be (x/(-42))/((-3)/(-14)). Let y(h) = -3*h + 6. Determine y(p).
-6
Suppose -4*b - b = -25. Suppose b*r = r + 8. Let h(k) = 4 - 12*k**3 - 10*k**3 + 21*k**3 + 5*k**2 - r*k. Calculate h(5).
-6
Suppose 5*v = 2*q - 18, 3*v + 2 = 3*q - 16. Suppose -5*r + 2 = -q*x - 5, 4*r + 2*x = 16. Let i(p) = 4*p - 3*p + p**3 + 1 - 3*p**2 - r*p. What is i(4)?
9
Suppose 4*w + k + 1 = 0, -3*w - 12*k = -7*k + 22. Let y(q) = -17*q**2 - q. Determine y(w).
-18
Suppose 0 = -3*w + 3*q + 9, 5*w - 27 = -0*q + 2*q. Suppose 0 = w*m + 4*m + 33. Let f(b) = b + 3. Calculate f(m).
0
Let t(i) = -i**2 + 4. Let a(k) = 11*k - 3 + 10*k**2 + 7*k**2 - 16*k**2. Let p be a(-11). What is t(p)?
-5
Let w(g) = -6*g**3 - 19*g**2 - 6*g + 23. Let k(s) = -7*s**3 - 20*s**2 - 5*s + 22. Let t(q) = -5*k(q) + 6*w(q). What is t(-13)?
2
Let a(o) be the second derivative of -o**4/12 + 17*o**3/6 + o**2/2 - 15*o - 2. Determine a(17).
1
Let m be 3/(-4) + (-5)/20. Let g(n) be the first derivative of -9*n**3 - 6 + 8*n**3 - 3*n**3 - n. Give g(m).
-13
Let s = 2581/3660 - 42/61. Let r(h) be the third derivative of 0 + s*h**5 - 2*h**2 + 1/4*h**4 + 1/3*h**3 + 0*h. Give r(-6).
2
Let a(z) = -2*z**2 - z + 1. Suppose 4*p - 4 = 3*x - 7*x, 4*p + 3*x = 6. Suppose p*n + n = -8. Calculate a(n).
-5
Suppose -247*l = -244*l - 12. Let d(g) = g**3 - 3*g**2 - 2. Give d(l).
14
Let d(m) = -3*m**3 - 2*m**2 - 20*m - 3. Let b(o) = -o**3 - o**2 - 7*o - 1. Let v = -49 - -32. Let c(x) = v*b(x) + 6*d(x). Give c(5).
-6
Let b(l) = -20*l - 24. Let w(p) = -p - 1. Suppose 2 = 2*c - 3*a, c + 0*a - 1 = -5*a. Let k(v) = c*b(v) - 24*w(v). Calculate k(1).
4
Suppose 5*y + 24 = 2*n, n - y = -4*y - 10. Suppose -3*f + n = 3*k + 5, 4 = -4*k + f. Let i(m) = -2*m. Let p(g) = -g. Let d(c) = i(c) - 4*p(c). Determine d(k).
-2
Let f(j) be the second derivative of -j**8/6720 + j**7/420 + 7*j**6/720 - j**5/60 + 13*j**4/12 + 3*j. Let d(w) be the third derivative of f(w). Calculate d(7).
-2
Let x(z) = -z - 13. Let i(q) = -2*q**2 + 18*q - 11. Let v be i(8). Suppose 0 = -2*k - 2*k - 12, -5*n + v*k - 15 = 0. What is x(n)?
-7
Let x(g) = 3*g**2 + 2*g + 1. Let v(d) = 11*d - 19. Let h(b) = 5*b - 9. Let y(m) = 9*h(m) - 4*v(m). Let q be y(4). Calculate x(q).
2
Suppose -y - 3*y + 12 = 0. Suppose y*k = -k - 16. Let p = -8 - k. Let a(x) = -x**2 - 5*x - 2. What is a(p)?
2
Let f(c) = c**3 + 6*c**2 - 2*c - 8. Let p(j) = j**3 + 4*j**2 - 6*j - 11. Let y be p(-5). What is f(y)?
4
Let q(n) = -n + 3. Let h(u) = -3*u**2 - 33*u + 18. Let y(i) = i**2 + 11*i - 6. Let g(x) = 2*h(x) + 7*y(x). Let v be g(-7). Let w = -29 - v. Give q(w).
-2
Suppose 2*p + 2*p - 20 = 2*l, 4*l - 8 = -4*p. Let m be ((-1)/(-3))/(3/27). Let q be (2/2)/(m - p). Let n(t) = -4*t**3 + t**2 - 1. Determine n(q).
4
Let g(f) = -f - 8. Suppose 2*b - 195 = -3*b. Suppose h = m - b, m + 4*h = -m + 60. Suppose -4*u - 5*d = m, -6 + 30 = -u - 5*d. Give g(u).
-4
Let c(s) = 2*s**2 - s - 2. Let v be c(2). Let z(i) = -v*i + 0*i - i + i**3 + 1 - 6*i**2. Let k = 153 - 146. Calculate z(k).
15
Let m(i) be the first derivative of -i**2/2 - 81. What is m(3)?
-3
Suppose 73*d = -76 + 733. Let u(l) = -l + 18. What is u(d)?
9
Let q(b) = -4*b**2 + 5*b + 1. Let f(m) = -3*m**2 + 5*m + 1. Let a = -27 + 22. Let n(s) = a*f(s) + 4*q(s). What is n(-2)?
5
Let w = 295 + -292. Let j(s) = 6*s**3 + 9*s**2 - 6*s + 11. Let m(i) = i**3 + 2*i**2 - i + 2. Let h(d) = -2*j(d) + 11*m(d). What is h(w)?
12
Suppose -16 = 5*k + 14. Let y(l) be the third derivative of -6*l**2 + 0*l + 0 - 4/3*l**3 + 1/6*l**4 + 1/60*l**5. Determine y(k).
4
Suppose 4*h - 5 = -3*y, 0*h = 3*h - 3*y - 9. Let c(j) = 7*j + 4*j**h + 2*j**2 - 4*j**2 - 7 - 3*j**2. Give c(7).
-7
Let o be (-2)/4*(7 - -3). Let n = o + 7. Let j(x) = -2 + 6*x + 0*x**2 + 3 + x**n + 3. Give j(-5).
-1
Let l(g) = 6*g**2 - 5*g - 4. Suppose 17*y = 25*y - 32. Let f(u) = 5*u**2 - 5*u - 3. Let d(n) = y*l(n) - 5*f(n). Determine d(2).
5
Suppose -1 = 5*u + f, 4*f + 6 = u + 2. Let g be 1/(-4) + 171/76. Let t(c) = 1 + 0 - c + g*c - 3. Determine t(u).
-2
Let u(l) = -l**2 + 4*l + 7. Let g(h) = h**2 - 10*h + 9. Let j be g(11). Suppose -5*r = 2*i - j, -4*i - 2 = -4*r + 7*r. Calculate u(r).
-5
Let m(i) = -i**3 + 6*i**2 + 9*i - 9. Let z = -148 - -155. Calculate m(z).
5
Let l be 1*(-2 - 0)*2/(-4). Let x(r) be the first derivative of 0*r**2 + 2/3*r**3 + 0*r + 2. Determine x(l).
2
Let s(h) be the second derivative of h**6/120 + h**5/60 + h**4/12 + h**3/6 - 19*h**2/2 + 6*h. Let a(r) be the first derivative of s(r). Determine a(-2).
-7
Let c(u) = -1. Let t(a) be the first derivative of -a**3/3 + 13*a**2/2 + 24*a + 19. Let q(p) = -4*c(p) - t(p). Give q(14).
-6
Let o be (6 - 4 - 0) + -1. Let c(x) = 3 + x - 3 + o + 5. Determine c(-6).
0
Suppose -5*u - 16 + 46 = 0. Let r(y) = -2*y + u + 2 + 3*y - 4. Determine r(5).
9
Suppose -110*j - 12 = -106*j. Let f(y) = -11*y - 4. Give f(j).
29
Let p(l) = l**3 - 7*l**2 - l + 8. Let u be p(7). Suppose -2*j + 3 + u = 4*b, -2*j = 2*b. Let n(m) = -m**2 + 2*m - 2. Determine n(b).
-2
Let m(x) be the second derivative of x**8/6720 - x**7/1260 - x**6/180 - 13*x**4/12 + 5*x. Let w(b) be the third derivative of m(b). Calculate w(3).
-3
Suppose w - 5*i = 27, -5*w - i - 3*i = -164. Let z = w - 21. Let x(m) = 4 + 12*m**2 - 24*m**2 + z*m**2 - 6*m. Give x(-5).
9
Let p be (1/(-3))/(48/144). Let j(f) = -4*f**3 + 6*f**2 + f + 6. Let s(o) = 5*o**3 - 5*o**2 - o - 5. Let a(v) = -5*j(v) - 6*s(v). What is a(p)?
9
Let x(d) = -88 - 93 + d + 189. Calculate x(-9).
-1
Suppose -4*w = 0, 3*w + 4 = 2*k - w. Let y(u) = -222 + 222 - 7*u - 9*u. Let t(r) = 3*r. Let n(i) = k*y(i) + 11*t(i). Calculate n(-6).
-6
Let m(r) = -r**2 + 8*r + 6. Let i = 258 - 250. What is m(i)?
6
Let q be 2/4 